*y + 1, -46 = -5*r + y. Suppose r = 14*k - 61. Give j(k).
4
Let l(d) = -8*d - 92. Let g be l(17). Let q = 231 + g. Let t(k) = -1. Let o(a) = 5*a - 4. Let m(i) = -o(i) + 4*t(i). Calculate m(q).
-15
Let g(p) be the third derivative of 1/40*p**5 + 7/3*p**3 + 0*p**4 - 16*p**2 + 0 + 0*p. Let d(i) be the first derivative of g(i). Calculate d(-5).
-15
Let z(r) = r**2 + 4*r - 8. Let s be (-1)/(-7 - (-324)/45). Let c(o) = -11*o**2 - o - 1. Let d be c(-1). Let l be (2 + -1)*(d - s). Give z(l).
4
Let q = -252 - -258. Let x be (4/q)/(-7 + 894/126). Let j(t) = t**2 - 9*t + 15. Determine j(x).
1
Let u(i) be the first derivative of -4*i - 2*i**2 + 13 + 2/3*i**3 + 1/4*i**4. What is u(-4)?
-20
Suppose 2*j = 4*l - 6, -5*l = -2*j - 0*l - 1. Let a(u) be the first derivative of -u**4/4 - 14*u**3/3 - 7*u**2 - 16*u + 11600. Calculate a(j).
-3
Let w(g) = -6*g + 60. Suppose -30*m + 473 = 473. Calculate w(m).
60
Let q(g) = -3*g**2 - 3*g - 13. Let u(f) = -2*f**2 - f - 6. Suppose 4*c = 2*j - c + 35, -4*c = -2*j - 30. Let p(h) = j*u(h) + 3*q(h). Calculate p(7).
12
Let d(j) be the first derivative of -7/3*j**3 + 3*j**2 - 2*j - 98. What is d(2)?
-18
Let g be 2*(3 + -2)*-2. Let f = 59 - 51. Let o(l) = -33 + f - l + 23. What is o(g)?
2
Let r(q) be the first derivative of q**5/20 + 5*q**4/12 - 2*q**3/3 - q**2 - 3*q + 53. Let o(t) be the first derivative of r(t). Determine o(-6).
-14
Let w(k) = 6*k**3 + 11*k**2 + 96. Let m(z) = 7*z**3 + 12*z**2 + 114. Let o(g) = 5*m(g) - 6*w(g). Let r be (12/14)/((-3)/21). Calculate o(r).
-6
Suppose -37*m - 24 = -4*u - 34*m, 3*u + 3*m - 18 = 0. Let i(b) = -b**3 + 5*b**2 + 6*b - 2. Give i(u).
-2
Let n(p) = -3*p**2 - 8*p - 82. Let d(g) = 5*g**2 + 13*g + 151. Let z(u) = -4*d(u) - 7*n(u). Calculate z(-7).
-9
Let g = -7 + 13. Suppose g*a = 4*a + 4. Suppose -m = -3*m + a. Let f(o) = 4*o**3 + o**2 - 1. Give f(m).
4
Let m(q) = -55*q**2 + 8*q - 2. Let a(b) = 50*b**2 - 7*b + 2. Let t(d) = 5*a(d) + 4*m(d). What is t(1)?
29
Let r(q) = q**2 + q + 1. Let p(b) = 5*b**2 - 2*b + 8. Let z(i) = p(i) - 4*r(i). Let t be (-2)/(2*3/(-15)). Let n be z(t). Let g(w) = 8*w**2 - 1. Calculate g(n).
7
Let v(u) = -60*u**2 + 11 - 17 + 20*u**2 + 21*u**2 + 7*u + 20*u**2. Give v(-10).
24
Let o(t) = 2*t + 16. Let p be (41/(-7))/(-10 + (-276)/(-28)). Let f = p + -53. Determine o(f).
-8
Let b(y) = y**2 - 9*y - 18. Suppose -57 = -5*x + 32 - 59. What is b(x)?
-36
Let g(d) = -25*d**3 - 7*d**2 + 19*d - 224. Let w(j) = -14*j**3 - 4*j**2 + 11*j - 128. Let m(u) = 9*g(u) - 16*w(u). Give m(0).
32
Suppose 17 = 2*y + 5*a, 2*y + 0*y = a - 1. Let z(n) = -y - 1435*n**2 + 1 + n + 1439*n**2. Calculate z(1).
5
Let z(o) = -68*o + 7. Let i be ((-26)/(-18) - 1)*43/(-86)*-9. Calculate z(i).
-129
Let n(l) = 13*l**3 - 26*l**2 + 91*l - 24. Let x(m) = -6*m**3 + 13*m**2 - 44*m + 11. Let b(h) = -5*n(h) - 11*x(h). Give b(4).
-29
Let y = 2988 + -2991. Let o(f) = -f**3 - 3*f**2 - 4*f - 2. What is o(y)?
10
Suppose -19*i - 372 = -112*i. Let h(z) = -3*z**2 - 5*z + 6. What is h(i)?
-62
Let a = -238 - -249. Suppose 5*p = -3*i - a, i - p - 136 + 137 = 0. Let o(q) be the first derivative of -q**3/3 - 3*q**2/2 - 1. Determine o(i).
2
Let l(o) be the third derivative of o**6/10 + o**3/6 - 105*o**2. Let t(x) = x**3 - 19*x**2 + 20*x - 37. Let v be t(18). Determine l(v).
-11
Let a(l) = -3*l + 19. Suppose -45*h = -18*h - 273 + 57. Give a(h).
-5
Let p(y) = -y**2 + 9*y - 4. Suppose 6 = 5*g - 14, 5*r + 2*g = 153. Suppose -r = -3*v - 5. What is p(v)?
4
Let p(t) = 6*t - 23 + 5 - t**2 + 6*t + 22. What is p(9)?
31
Let l(g) = -7*g**2 + 85*g - 114. Let i(a) = 4*a**2 - 43*a + 60. Let c(p) = 11*i(p) + 6*l(p). Calculate c(-19).
-5
Suppose -25 - 2 = 5*b - 3*c, -c = -2*b - 11. Let t(o) be the first derivative of -o**4/4 - 7*o**3/3 - 2*o**2 + o + 6119. Calculate t(b).
-11
Let v be 6/(-54)*3*30/(-2). Suppose -2*t - 3*p = p + 8, 22 = v*t - 4*p. Let o(s) = -s**3 + 4*s**2 - 2*s + 2. Give o(t).
6
Let d(i) = 15*i + 5. Let y be 88/(-14) + 4/14. Let q(k) = -7*k - 3. Let c(o) = y*d(o) - 13*q(o). Let l = -33666 - -33661. Give c(l).
4
Let h(y) = y**3 - 7*y**2 + 6*y + 1. Suppose 3*z - 27 = -9. Suppose -z*n + 5 + 37 = 0. Let r(q) = -q**2 + 2*q + 41. Let c be r(n). Calculate h(c).
1
Let x be 468/(-390)*(-2)/(-4)*-10. Let a(n) = -n - 20. What is a(x)?
-26
Let w(g) be the second derivative of -g**5/20 + 2*g**4/3 - g**3/2 - 33*g**2/2 + 19*g. Let h be w(7). Let x(i) = -4*i - 7. Calculate x(h).
13
Let m(z) = 68*z - 76. Let t be m(1). Let d(k) = k**3 + 9*k**2 + 4*k + 9. Determine d(t).
41
Let s(v) = 3*v + 11. Let a be 2/(-3) - (27 + (-1702)/69). Give s(a).
2
Let q(j) = -25*j - 3. Let o(x) = -294*x - 35. Let d(v) = -3*o(v) + 35*q(v). Suppose -5 - 11 = -4*w - 2*c, 4*c = 5*w + 6. Suppose 9 = w*m + 7. What is d(m)?
7
Let s(m) = 3*m + 3. Let v(l) = 7*l - 111. Let a be v(6). Let w = -74 - a. Calculate s(w).
-12
Suppose -2141*d + 960 = -2261*d. Let x(q) = 8*q + 4. Give x(d).
-60
Let h(u) = u**3 + 5*u**2 + 2*u + 4. Suppose -113 = 35*r + 62. Determine h(r).
-6
Let s(l) be the third derivative of l**6/120 + l**5/5 + 23*l**4/24 + 11*l**3/3 - 1065*l**2. Determine s(-10).
-8
Let f(q) = q**3 - q**2 - q - 2. Let u be f(0). Let z(t) be the second derivative of -1/6*t**3 + 1/2*t**2 - 9*t + 0. Calculate z(u).
3
Suppose 0 = -11*d + 10*d - 133. Let n = d + 133. Let j(m) = m + 6. Determine j(n).
6
Let o(n) be the third derivative of -n**4/24 + 5*n**3/6 + 3427*n**2. Give o(-18).
23
Let h(i) = -2299 + 6941 - 2298 - 2297 + 3*i. Give h(-7).
26
Let w(b) = -31 - 941*b - 935*b + 1872*b. What is w(7)?
-59
Let b(p) = 5*p - 57. Let y(t) = -23*t + 288. Let n(l) = -22*b(l) - 4*y(l). Determine n(5).
12
Let u(c) be the second derivative of -c**5/60 + c**4/8 + 2*c**3/3 - 19*c**2 - 31*c. Let r(t) be the first derivative of u(t). Determine r(4).
0
Let i(r) = -4*r**2 - 4*r + 32. Let d(g) = 245*g + 3668. Let p be d(-15). What is i(p)?
-136
Suppose 52 + 76 = -64*u. Let p(i) = -9*i + 2. What is p(u)?
20
Suppose 2*u - 3*r + 12 = 10, -r + 6 = 2*u. Let b(v) = 18*v**2 + 2*v - 23*v**u - 4*v + 2 + 3*v. Give b(2).
-16
Suppose 5*l - 52 = 43. Suppose 21*j - 8 = l*j. Let g(k) = -k**3 + 3*k**2 - 2*k + 6. Let t(z) = z - 1. Let b(x) = g(x) + 4*t(x). What is b(j)?
-6
Let o = 1777 + -1780. Let c = 16 - 1. Let r(k) = 0*k - 22 - k + c. Determine r(o).
-4
Let z(r) = -2*r - 3. Let c = 139 - 136. Let y(l) = 3*l + 7. Let n(h) = c*y(h) + 5*z(h). Let x(i) = -i - 8. Let m be x(-8). Determine n(m).
6
Suppose 36*v - 40*v - 8*q + 44 = 0, -4*v + 2 = q. Let i(p) = -14*p**3 + p**2 + p - 1. Determine i(v).
13
Suppose 2*o - i = -38, o = -3*i - 4 - 1. Let k(m) = -7*m - 7. Let r(c) = -20*c - 21. Let x(a) = o*k(a) + 6*r(a). Suppose l = -q + 2*q + 9, 3*l = -3. Give x(q).
3
Let s(q) = q - 1. Suppose 2*y + 2*m = 8 - 0, 4*m = y - 4. Suppose 2*z + 4*x - 3*x = -3, -y*z - 9 = 3*x. Give s(z).
-1
Let f(p) be the second derivative of p**5/20 - 5*p**4/12 - 2*p**3/3 + 15*p**2/2 - 2*p - 35. Calculate f(6).
27
Let t(m) = -m**3 - 13*m**2 + 13*m - 20. Let s = 359 + -201. Let f = -172 + s. What is t(f)?
-6
Let d(i) be the second derivative of -2*i**3/3 + i**2/2 - 54*i - 2. Let p(j) = 12*j + 6. Let t(l) = 5*d(l) - p(l). Give t(-1).
31
Let b(q) = -3*q**3 + 11*q**2 - 30*q - 298. Let r(y) = 2*y**3 - 13*y**2 + 31*y + 296. Let x(t) = -3*b(t) - 4*r(t). Give x(-20).
-10
Let x(i) be the second derivative of -11*i**3/6 - 94*i**2 - 1429*i. What is x(-16)?
-12
Let p be (-174)/(-4)*(-192)/288 - -9. Let z(o) = -o**2 - 20*o - 22. Determine z(p).
-22
Let j(i) = -7*i**2 - 11*i - 1. Let t = 19 + -22. Let w(n) = 4*n**2 + 6*n + 1. Let o(l) = t*j(l) - 5*w(l). Let s = -1 + 3. Calculate o(s).
8
Let y(v) = 6*v**2 + 3*v + 2. Suppose 0*x + 9 = -3*x, -n = -5*x - 16. Suppose -5 = 5*f - j, -2*f + n - 3 = 3*j. Determine y(f).
5
Let t(p) = p - 5. Let q(x) = -x**3 + 16*x**2 - 13*x - 30. Let d(v) = v**3 + 18*v**2 - 19*v + 15. Let y be d(-19). Let i be q(y). Calculate t(i).
-5
Let g(i) = -7*i**2 - 34*i + 2. Let y(o) = o**2 + 26*o + 158. Let s be y(-17). Let n(u) = -4*u**2 - 18*u + 2. Let d(b) = s*n(b) - 3*g(b). Give d(-10).
-16
Let x(i) = -i**3 + 4*i**2 + 3*i + 7. Let k(f) = f**2 - f + 2. Let l be k(4). Suppose 27*n - 1 = 26*n. Suppose 3*h - n = l. Determine x(h).
-3
Let s(y) be the first derivative of -3*y**2 - 8*y - 1634. Give s(0).
-8
Let a(i) = i**3 + 18*i**2 - 2*i - 23. Supp